what is -46603 + 125?
-46456
In base 15, what is 1e + -10bba?
-10b9b
In base 2, what is 11100010110100111000011 + 10000?
11100010110100111010011
In base 16, what is -401 - -9a7?
5a6
In base 10, what is 3 + -6288288?
-6288285
In base 16, what is -5d - -34dc6a?
34dc0d
In base 14, what is -8 + 7a7a73?
7a7a69
In base 13, what is b5cc - -c?
b60b
In base 7, what is -562623662 - 0?
-562623662
In base 14, what is -1594 + -8599?
-9b4d
In base 3, what is 21202211 - -121002100?
212212011
In base 9, what is -18465646 - -55?
-18465581
In base 6, what is 141 + 5551545?
5552130
In base 11, what is 41896924 - 5?
4189691a
In base 7, what is -55206 - 2644?
-61153
In base 7, what is 564 - 6010?
-5113
In base 11, what is 28008 - -a564?
37571
In base 7, what is -146 + -1614644?
-1615123
In base 8, what is 31717770 - -5?
31717775
In base 10, what is -16 - -20530093?
20530077
In base 14, what is -5a979 + 3dd?
-5a57a
In base 4, what is -112 - 10130023000?
-10130023112
In base 9, what is 130653 - -65?
130728
In base 7, what is 46156066 - -5?
46156104
In base 6, what is -5 - -101025510?
101025501
In base 10, what is -38763 - -4585?
-34178
In base 4, what is -1031011 + 222133111?
221102100
In base 15, what is -14994 - -20?
-14974
In base 4, what is 2100 + -1132?
302
In base 11, what is 9362 + -28111?
-1985a
In base 9, what is -146 + 5705024?
5704767
In base 8, what is -602522152 + 4?
-602522146
In base 10, what is -11 + -7231397?
-7231408
In base 10, what is -2522 + 6202?
3680
In base 16, what is -5f7 + 119af?
113b8
In base 16, what is -72561 + 0?
-72561
In base 12, what is -b6 + 868336?
868240
In base 6, what is -115203 - -4125?
-111034
In base 7, what is 14020 + 32540?
46560
In base 2, what is 11101100101 - 111011011011000?
-110111101110011
In base 11, what is 11074 - -39?
11102
In base 14, what is 7acbba - 2?
7acbb8
In base 6, what is -212334012 + 21?
-212333551
In base 3, what is -1022001121102021022 - -12?
-1022001121102021010
In base 5, what is -342 + -332310441?
-332311333
In base 7, what is -35036 - -1236?
-33500
In base 14, what is -6bcccb + 70?
-6bcc5b
In base 2, what is -10010 + 1001011011001011110001?
1001011011001011011111
In base 15, what is -9ed3c1a - e?
-9ed3c29
In base 9, what is 2 - -38851833?
38851835
In base 8, what is -3 - -531774345?
531774342
In base 7, what is 64635042 - -1?
64635043
In base 15, what is 2e03d5 - -3e?
2e0424
In base 13, what is 2212c8c - -3?
2212c92
In base 12, what is 1165b8 - -18?
116614
In base 2, what is -11000110101110010101101111 + -101?
-11000110101110010101110100
In base 12, what is 5 + 214ab6ba?
214ab703
In base 12, what is 4 + -534086?
-534082
In base 9, what is 4 - -20342830?
20342834
In base 16, what is -21d - -38d85?
38b68
In base 13, what is -254045 + 5?
-254040
In base 5, what is -10001 - 1211212?
-1221213
In base 11, what is -1069811 + -59?
-106986a
In base 11, what is 5 + -1186a3a44?
-1186a3a3a
In base 2, what is -10101110100010011000010010 - -100?
-10101110100010011000001110
In base 7, what is -5 + 20521104?
20521066
In base 2, what is 11 - 101111100100001000100?
-101111100100001000001
In base 3, what is 112102 - 1222101111?
-1221212002
In base 12, what is -377457 + 9?
-37744a
In base 5, what is -232134121 + 102?
-232134014
In base 9, what is 6721551 + 35?
6721586
In base 14, what is -5 - 4b01126?
-4b0112b
In base 16, what is 1 + b0d93?
b0d94
In base 13, what is 2 - 2519322?
-2519320
In base 10, what is -2185 - 15391?
-17576
In base 13, what is -22745c4 - 4?
-22745c8
In base 12, what is 53a93 - -528?
543bb
In base 8, what is -25 - -340637?
340612
In base 2, what is -10010 - -111001101110001?
111001101011111
In base 13, what is 5 + -ac69040?
-ac69038
In base 7, what is 103615202 - 5?
103615164
In base 3, what is 1 + 1011201211010102?
1011201211010110
In base 12, what is b307676 + 4?
b30767a
In base 10, what is 5 + -25097395?
-25097390
In base 3, what is -121121102210 + 102?
-121121102101
In base 6, what is 121 + 31442513?
31443034
In base 16, what is -9566c + 4a?
-95622
In base 7, what is 1154255513 + 10?
1154255523
In base 13, what is 286796a + 5?
2867972
In base 3, what is -10011 + -2010022011210?
-2010022021221
In base 9, what is 44062342 - -3?
44062345
In base 14, what is 2ba107 - 4?
2ba103
In base 4, what is -11310211223 + 213?
-11310211010
In base 3, what is -12 - 12211101000222?
-12211101001011
In base 7, what is 501355 + -2105?
466250
In base 6, what is -220032403 + 5?
-220032354
In base 11, what is 28513 - -43?
28556
In base 6, what is -103152330145 + 1?
-103152330144
In base 7, what is 2361 - -10515?
13206
In base 5, what is -120 + 322433000?
322432330
In base 6, what is 142235 - -101?
142340
In base 14, what is 4 - 349a04?
-349a00
In base 4, what is 230333230 - -10120?
231010010
In base 11, what is 324 + -8690?
-8367
In base 5, what is -440443 - 210443?
-1201441
In base 5, what is 3312312211 + -10?
3312312201
In base 2, what is -10001101001111100 - -1100100?
-10001101000011000
In base 9, what is -375436043 - -2?
-375436041
In base 13, what is 112 + 3c821?
3c933
In base 5, what is 13010130342202 + -2?
13010130342200
In base 2, what is 1111010111100100 + -100011001111?
1110110100010101
In base 16, what is 2 - f181b9?
-f181b7
In base 10, what is 871099256 - 2?
871099254
In base 11, what is -2005064 + 3?
-2005061
In base 8, what is -747245111 + -2?
-747245113
In base 4, what is 32333310 + 203?
33000113
In base 16, what is -889a - 1e?
-88b8
In base 6, what is 140412251 - -10?
140412301
In base 15, what is -3 - -6b003d?
6b003a
In base 4, what is -12112101102 + -3110?
-12112110212
In base 11, what is 3 - -74921a5?
74921a8
In base 16, what is -f1 + -338?
-429
In base 6, what is -53233352 - -232?
-53233120
In base 15, what is -21a - -d793?
d578
In base 10, what is -1 - 102306540?
-102306541
In base 13, what is 187796b6 - -2?
187796b8
In base 7, what is -11 + -30405645?
-30405656
In base 13, what is 10b + -52125?
-52017
In base 15, what is -13560 - -2928?
-10b37
In base 2, what is -10001110 + -11000110110111?
-11001001000101
In base 14, what is 380539 + -65?
3804b4
In base 10, what is 7244 - 1296?
5948
In base 15, what is -1ba + 1cee3b?
1cec71
In base 8, what is -2 + 271350?
271346
In base 16, what is b65f34 - -4?
b65f38
In base 11, what is 975 - -141?
1006
In base 5, what is 1 + -2004341221?
-2004341220
In base 15, what is -2e784c + 9?
-2e7843
In base 3, what is -111120200020 - 10221?
-111120211011
In base 13, what is 331 + -3c46a0?
-3c436c
In base 10, what is -4354343 - -11?
-4354332
In base 14, what is 471c9c4 + 4?
471c9c8
In base 3, what is -2102012112120 - 200?
-2102012120020
In base 2, what is -11011010110011110 + 110111001001?
-11010011111010101
In base 7, what is -216030 - 3041?
-222101
In base 4, what is 23303303 - 3233?
23300010
In base 12, what is -2a84 + -986?
-384a
In base 15, what is 474 + -1c36da?
-1c3266
In base 3, what is -12 - 22221010010122202?
-22221010010122221
In base 7, what is 34062 + 163100?
230162
In base 12, what is -203 - 4962?
-4b65
In base 3, what is 20120010012 - -20002?
20120100021
In base 7, what is -221 + -103055?
-103306
In base 6, what is 12123 - 513351?
-501224
In base 2, what is -100110101 + 1100011111111100?
1100011011000111
In base 15, what is -188d - 887?
-2225
In base 7, what is 1366622 + -52?
1366540
In base 15, what is 3ec8b1a + 2?
3ec8b1c
In base 7, what is -1314 + -1143401?
-1145015
In base 6, what is -15032021 + 12?
-15032005
In base 4, what is -210 - -111022301121?
111022300311
In base 3, what is -11212022211 + -10020?
-11212110001
In base 5, what is -400433 - -211332?
-134101
In base 7, what is 16 + 66152265?
66152314
In base 16, what is -db + 98f3b?
98e60
In base 11, what is -3 + 7823a5a?
7823a57
In base 6, what is 3325055 + 104?
3325203
In base 3, what is 222111000 - -1111001?
1000222001
In base 16, what is -11c - -6bf0?
6ad4
In base 14, what is 5 + -34468c?
-344687
In base 13, what is 1b92 - -31c5?
5087
In base 11, what is -39657 + 784?
-38983
In base 13, what is 3b5756 + 3?
3b5759
In base 11, what is -aa94a + 518?
-aa432
In base 9, what is 172484664 - 5?
172484658
In base 9, what is 108416 + -125?
108281
In base 6, what is -53510 - 2232?
-100142
In base 14, what is 19 + 326c9?
32704
In base 9, what is 1280242 + 1373?
1281625
In base 15, what is 0 + -8a57e?